{"id":6,"date":"2020-02-23T16:34:00","date_gmt":"2020-02-23T15:34:00","guid":{"rendered":"http:\/\/notariuszgdansk.net\/?page_id=6"},"modified":"2020-03-23T09:26:24","modified_gmt":"2020-03-23T08:26:24","slug":"strona-glowna","status":"publish","type":"page","link":"https:\/\/notariusz-gdansk.net\/","title":{"rendered":"Strona g\u0142\u00f3wna"},"content":{"rendered":"<h2><a id=\"czynnosci-notarialne\"><\/a><span style=\"color: #ffffff;\">Czynno\u015bci notarialne<\/span><\/h2>\n<h6><span style=\"color: #ffffff;\">Notariusz Izabela \u0141ukasiewicz dokonuje nast\u0119puj\u0105cych czynno\u015bci:<\/span><\/h6>\n<ul>\n<li><span style=\"color: #ffffff;\">sporz\u0105dza akty notarialne (m. in. darowizny, sprzeda\u017c, zamiany, dzia\u0142y spadk\u00f3w, podzia\u0142y maj\u0105tk\u00f3w, ustanowienia odr\u0119bnej w\u0142asno\u015bci lokali, ustanowienie hipoteki, testamenty);<\/span><\/li>\n<li><span style=\"color: #ffffff;\">sporz\u0105dza akty po\u015bwiadczenia dziedziczenia;<\/span><\/li>\n<li><span style=\"color: #ffffff;\">podejmuje czynno\u015bci zwi\u0105zane z zarz\u0105dem sukcesyjnym przedsi\u0119biorstwem osoby fizycznej i z tymczasowym przedstawicielem w zakresie udzia\u0142u ma\u0142\u017conka przedsi\u0119biorcy w przedsi\u0119biorstwie, na zasadach okre\u015blonych w ustawie z dnia 5 lipca 2018 r. o zarz\u0105dzie sukcesyjnym przedsi\u0119biorstwem osoby fizycznej i innych u\u0142atwieniach zwi\u0105zanych z sukcesj\u0105 przedsi\u0119biorstw;<\/span><\/li>\n<li style=\"list-style-type: none;\">\n<ul><\/ul>\n<\/li>\n<\/ul>\n<ul>\n<li><span style=\"color: #ffffff;\">sporz\u0105dza po\u015bwiadczenia (w\u0142asnor\u0119czno\u015bci podpisu albo odcisku palca osoby niepi\u015bmiennej lub niemog\u0105cej pisa\u0107, na pe\u0142nomocnictwach, zgodno\u015bci odpisu z okazanym dokumentem, czasu okazania dokumentu, pozostawania przy \u017cyciu &#8211; w celu otrzymania emerytury, renty lub innych \u015bwiadcze\u0144 z ubezpieczenia spo\u0142ecznego, \u00a0pozostawania osoby w okre\u015blonym miejscu);<\/span><\/li>\n<li><span style=\"color: #ffffff;\">spisuje protoko\u0142y (z przyj\u0119cia lub odrzucenia spadku, ze zgromadze\u0144 i posiedze\u0144 wsp\u00f3lnik\u00f3w sp\u00f3\u0142ek, z walnych zgromadze\u0144 sp\u00f3\u0142dzielni, z zebra\u0144 wsp\u00f3lnot mieszkaniowych, z o\u015bwiadcze\u0144 towarzystwa funduszy inwestycyjnych o zmianie statutu funduszu inwestycyjnego, dokumentuj\u0105ce podwy\u017cszenie kapita\u0142u zak\u0142adowego sp\u00f3\u0142ki i inne);<\/span><\/li>\n<li><span style=\"color: #ffffff;\">sporz\u0105dza protesty weksli i czek\u00f3w;<\/span><\/li>\n<li><span style=\"color: #ffffff;\">przyjmuje na przechowanie pieni\u0105dze, papiery warto\u015bciowe, dokumenty, dane na informatycznym no\u015bniku danych, o kt\u00f3rym mowa w przepisach o informatyzacji dzia\u0142alno\u015bci podmiot\u00f3w realizuj\u0105cych zadania publiczne;<\/span><\/li>\n<li><span style=\"color: #ffffff;\">sporz\u0105dza wypisy, odpisy i wyci\u0105gi dokument\u00f3w;<\/span><\/li>\n<li><span style=\"color: #ffffff;\">sporz\u0105dza, na \u017c\u0105danie stron, projekty akt\u00f3w, o\u015bwiadcze\u0144 i innych dokument\u00f3w;<\/span><\/li>\n<li><span style=\"color: #ffffff;\">sk\u0142ada wnioski o wpis w ksi\u0119dze wieczystej wraz z dokumentami stanowi\u0105cymi podstaw\u0119 wpisu w ksi\u0119dze wieczystej;<\/span><\/li>\n<li><span style=\"color: #ffffff;\">sporz\u0105dza inne czynno\u015bci wynikaj\u0105ce z odr\u0119bnych przepis\u00f3w.<\/span><\/li>\n<\/ul>\n<h2><span style=\"color: #ffffff;\"><a id=\"dokumenty\" style=\"color: #ffffff;\"><\/a>Dokumenty<\/span><\/h2>\n<h6><span style=\"color: #ffffff;\">Nieruchomo\u015bci gruntowe \u2013 dzia\u0142ki gruntu, niezabudowane, zabudowane:<\/span><\/h6>\n<ol>\n<li><span style=\"color: #ffffff;\">dane z dokument\u00f3w to\u017csamo\u015bci (dowod\u00f3w osobistych, paszport\u00f3w), imiona, nazwiska, imiona rodzic\u00f3w, stan cywilny, adres zamieszkania, PESEL, numer i data wa\u017cno\u015bci dowodu osobistego albo paszportu,<\/span><\/li>\n<li><span style=\"color: #ffffff;\">podstawa nabycia (wypis aktu notarialnego dokumentuj\u0105cego nabycie prawa w\u0142asno\u015bci, np. umowa darowizny, sprzeda\u017cy, zamiany, zniesienia wsp\u00f3\u0142w\u0142asno\u015bci, podzia\u0142 maj\u0105tku, lub prawomocne postanowienie S\u0105du, akt po\u015bwiadczenia dziedziczenia, decyzja, itp.)<\/span><\/li>\n<li><span style=\"color: #ffffff;\">numer ksi\u0119gi wieczystej,<\/span><\/li>\n<li><span style=\"color: #ffffff;\">za\u015bwiadczenie Urz\u0119du Miasta \/ Urz\u0119du Gminy stwierdzaj\u0105ce, czy przedmiotowa nieruchomo\u015b\u0107 gruntowa &#8211; dzia\u0142ka po\u0142o\u017cona jest \u00a0na obszarze rewitalizacji lub na obszarze Specjalnej Strefy Rewitalizacji, o kt\u00f3rych mowa w ustawie z dnia 09 pa\u017adziernika 2015 roku o rewitalizacji, za\u015bwiadczenie Starosty \/ Prezydenta Miasta dot. planu urz\u0105dzenia lasu lub uproszczonego planu urz\u0105dzenia lasu,<\/span><\/li>\n<li><span style=\"color: #ffffff;\">wypis z rejestru grunt\u00f3w wraz z wyrysem z mapy ewidencyjnej w przypadku od\u0142\u0105czenia dzia\u0142ki,<\/span><\/li>\n<li><span style=\"color: #ffffff;\">wypis z planu zagospodarowania przestrzennego lub za\u015bwiadczenie o braku takiego planu<\/span><\/li>\n<li><span style=\"color: #ffffff;\">dodatkowe informacje: cena, p\u0142atno\u015b\u0107, wysoko\u015b\u0107 zaliczki, zadatek, termin zap\u0142aty i wydania nieruchomo\u015bci itp.,<\/span><\/li>\n<\/ol>\n<h6><span style=\"color: #ffffff;\">Dodatkowo:<\/span><\/h6>\n<ul>\n<li><span style=\"color: #ffffff;\">je\u017celi podstaw\u0105 nabycia jest postanowienie S\u0105du w sprawie nabycia spadku, po\u015bwiadczenie dziedziczenia lub darowizna uczyniona od dnia 01 stycznia 2007 roku, wymagane jest za\u015bwiadczenie z Urz\u0119du Skarbowego o uregulowaniu podatku lub braku podatku,<\/span><\/li>\n<li><span style=\"color: #ffffff;\">przy ustanawianiu hipoteki \u2013 o\u015bwiadczenie Banku, pe\u0142nomocnictwa pracownik\u00f3w Banku, KRS Banku,<\/span><\/li>\n<\/ul>\n<h6><span style=\"color: #ffffff;\">Nieruchomo\u015bci lokalowe \/ sp\u00f3\u0142dzielcze w\u0142asno\u015bciowe prawo:<\/span><\/h6>\n<ol>\n<li><span style=\"color: #ffffff;\">dane z dokument\u00f3w to\u017csamo\u015bci (dowod\u00f3w osobistych, paszport\u00f3w), imiona, nazwiska, imiona rodzic\u00f3w, stan cywilny, adres zamieszkania, PESEL, numer i data wa\u017cno\u015bci dowodu osobistego albo paszportu,<\/span><\/li>\n<li><span style=\"color: #ffffff;\">podstawa nabycia (wypis aktu notarialnego dokumentuj\u0105cego nabycie prawa w\u0142asno\u015bci, np. umowa darowizny, sprzeda\u017cy, zamiany, zniesienia wsp\u00f3\u0142w\u0142asno\u015bci, podzia\u0142 maj\u0105tku, lub prawomocne postanowienie S\u0105du, akt po\u015bwiadczenia dziedziczenia, decyzja, itp.)<\/span><\/li>\n<li><span style=\"color: #ffffff;\">numer ksi\u0119gi wieczystej,<\/span><\/li>\n<li><span style=\"color: #ffffff;\">za\u015bwiadczenie Urz\u0119du Miasta \/ Urz\u0119du Gminy stwierdzaj\u0105ce, czy przedmiotowa nieruchomo\u015b\u0107 lokalowa po\u0142o\u017cona jest \u00a0na obszarze rewitalizacji lub na obszarze Specjalnej Strefy Rewitalizacji, o kt\u00f3rych mowa w ustawie z dnia 09 pa\u017adziernika 2015 roku o rewitalizacji,<\/span><\/li>\n<li><span style=\"color: #ffffff;\">dodatkowe informacje: cena, p\u0142atno\u015b\u0107, wysoko\u015b\u0107 zaliczki, zadatek, termin zap\u0142aty i wydania nieruchomo\u015bci itp.,<\/span><\/li>\n<\/ol>\n<h6><span style=\"color: #ffffff;\">Dodatkowo:<\/span><\/h6>\n<ul>\n<li><span style=\"color: #ffffff;\">je\u017celi podstaw\u0105 nabycia jest postanowienie S\u0105du w sprawie nabycia spadku, po\u015bwiadczenie dziedziczenia lub darowizna uczyniona od dnia 01 stycznia 2007 roku, wymagane jest za\u015bwiadczenie z Urz\u0119du Skarbowego o uregulowaniu podatku lub braku podatku,<\/span><\/li>\n<li><span style=\"color: #ffffff;\">przy ustanawianiu hipoteki \u2013 o\u015bwiadczenie Banku, pe\u0142nomocnictwa pracownik\u00f3w Banku, KRS Banku,<\/span><\/li>\n<li><span style=\"color: #ffffff;\">za\u015bwiadczenie ze Sp\u00f3\u0142dzielni Mieszkaniowej w przypadku sp\u00f3\u0142dzielczego w\u0142asno\u015bciowego prawa do lokalu mieszkalnego,<\/span><\/li>\n<\/ul>\n<h6><span style=\"color: #ffffff;\">Post\u0119powanie spadkowe \/ akt po\u015bwiadczenia dziedziczenia:<\/span><\/h6>\n<ol>\n<li><span style=\"color: #ffffff;\">dane z dokument\u00f3w to\u017csamo\u015bci (dowod\u00f3w osobistych, paszport\u00f3w), imiona, nazwiska, imiona rodzic\u00f3w, stan cywilny, adres zamieszkania, PESEL, numer i data wa\u017cno\u015bci dowodu osobistego albo paszportu,<\/span><\/li>\n<li><span style=\"color: #ffffff;\">akt zgonu spadkodawcy \u2013 osoby zmar\u0142ej,<\/span><\/li>\n<li><span style=\"color: #ffffff;\">testament je\u017celi zosta\u0142 sporz\u0105dzony,<\/span><\/li>\n<li><span style=\"color: #ffffff;\">numer PESEL spadkodawcy np. za\u015bwiadczenie, uniewa\u017cniony dow\u00f3d osobisty zmar\u0142ego,<\/span><\/li>\n<li><span style=\"color: #ffffff;\">odpisy skr\u00f3cone akt\u00f3w urodzenia spadkobierc\u00f3w, kt\u00f3rzy nie wst\u0119powali w zwi\u0105zki ma\u0142\u017ce\u0144skie,<\/span><\/li>\n<li><span style=\"color: #ffffff;\">odpisy skr\u00f3cone akt\u00f3w ma\u0142\u017ce\u0144stwa spadkobierc\u00f3w, pozostaj\u0105cych w zwi\u0105zkach ma\u0142\u017ce\u0144skich,<\/span><\/li>\n<li><span style=\"color: #ffffff;\">o\u015bwiadczenia o przyj\u0119ciu lub odrzuceniu spadku, je\u015bli by\u0142y ju\u017c sk\u0142adane,<\/span><\/li>\n<\/ol>\n<h6><span style=\"color: #ffffff;\">Dodatkowo:<\/span><\/h6>\n<ul>\n<li><span style=\"color: #ffffff;\">numery ksi\u0105g wieczystych nieruchomo\u015bci wchodz\u0105cych w sk\u0142ad spadku,<\/span><\/li>\n<\/ul>\n<h6><span style=\"color: #ffffff;\">Pe\u0142nomocnictwo:<\/span><\/h6>\n<ul>\n<li><span style=\"color: #ffffff;\">dane mocodawcy (osoba udzielaj\u0105ca pe\u0142nomocnictwa): imiona, nazwisko, imiona rodzic\u00f3w, adres zamieszkania, PESEL, numer i data wa\u017cno\u015bci dowodu osobistego albo paszportu,<\/span><\/li>\n<li><span style=\"color: #ffffff;\">dane pe\u0142nomocnika: imiona, nazwisko, imiona rodzic\u00f3w, PESEL<\/span><\/li>\n<li><span style=\"color: #ffffff;\">zakres pe\u0142nomocnictwa,<\/span><\/li>\n<\/ul>\n<h6><span style=\"color: #ffffff;\">Testament:<\/span><\/h6>\n<ul>\n<li><span style=\"color: #ffffff;\">dane testatora: imiona, nazwisko, imiona rodzic\u00f3w, adres zamieszkania, PESEL, numer i data wa\u017cno\u015bci dowodu osobistego albo paszportu,<\/span><\/li>\n<li><span style=\"color: #ffffff;\">dane osoby powo\u0142anej do spadku: imiona, nazwisko, imiona rodzic\u00f3w, PESEL,<\/span><\/li>\n<\/ul>\n<h6><span style=\"color: #ffffff;\">Intercyza przedma\u0142\u017ce\u0144ska:<\/span><\/h6>\n<ul>\n<li><span style=\"color: #ffffff;\">imiona, nazwisko, imiona rodzic\u00f3w, adresy zamieszkania, PESEL, numer i data wa\u017cno\u015bci dowod\u00f3w osobistych albo paszport\u00f3w os\u00f3b, kt\u00f3re chc\u0105 wst\u0105pi\u0107 w zwi\u0105zek ma\u0142\u017ce\u0144ski,<\/span><\/li>\n<\/ul>\n<h6><span style=\"color: #ffffff;\">Intercyza \/ Umowa maj\u0105tkowa ma\u0142\u017ce\u0144ska wy\u0142\u0105czaj\u0105ca wsp\u00f3lno\u015b\u0107 maj\u0105tkow\u0105:<\/span><\/h6>\n<ul>\n<li><span style=\"color: #ffffff;\">imiona, nazwisko, imiona rodzic\u00f3w, adres zamieszkania, PESEL, numer i data wa\u017cno\u015bci dowodu osobistego albo paszportu, odpis skr\u00f3cony aktu ma\u0142\u017ce\u0144stwa,<\/span><\/li>\n<\/ul>\n<h6><span style=\"color: #ffffff;\">Sp\u00f3\u0142ki \u2013 za\u0142o\u017cenie, przekszta\u0142cenia, po\u0142\u0105czenia, podzia\u0142, likwidacja, itp. \u2013 lista potrzebnych dokument\u00f3w wysy\u0142ana jest po konsultacji telefonicznej<\/span><\/h6>\n","protected":false},"excerpt":{"rendered":"<p>Czynno\u015bci notarialne Notariusz Izabela \u0141ukasiewicz dokonuje nast\u0119puj\u0105cych czynno\u015bci: sporz\u0105dza akty notarialne (m. in. darowizny, sprzeda\u017c, zamiany, dzia\u0142y spadk\u00f3w, podzia\u0142y maj\u0105tk\u00f3w, ustanowienia odr\u0119bnej w\u0142asno\u015bci lokali, ustanowienie hipoteki, testamenty); sporz\u0105dza akty po\u015bwiadczenia dziedziczenia; podejmuje czynno\u015bci zwi\u0105zane z zarz\u0105dem sukcesyjnym przedsi\u0119biorstwem osoby fizycznej i z tymczasowym przedstawicielem w zakresie udzia\u0142u ma\u0142\u017conka przedsi\u0119biorcy w<a class=\"moretag\" href=\"https:\/\/notariusz-gdansk.net\/\"> Czytaj wi\u0119cej<\/a><\/p>\n","protected":false},"author":4,"featured_media":0,"parent":0,"menu_order":0,"comment_status":"closed","ping_status":"closed","template":"","meta":{"footnotes":""},"class_list":["post-6","page","type-page","status-publish","hentry"],"yoast_head":"<!-- This site is optimized with the Yoast SEO plugin v24.0 - https:\/\/yoast.com\/wordpress\/plugins\/seo\/ -->\n<title>Strona g\u0142\u00f3wna - Notariusz Izabela \u0141ukasiewicz<\/title>\n<meta name=\"description\" content=\"Notariusz Izabela \u0141ukasiewicz zapewnia profesjonaln\u0105 obs\u0142ug\u0119 z zakresu dokonywania czynno\u015bci notarialnych, kt\u00f3rym strony s\u0105 obowi\u0105zane lub pragn\u0105 nada\u0107 form\u0119 notarialn\u0105.\" \/>\n<meta name=\"robots\" content=\"index, follow, max-snippet:-1, max-image-preview:large, max-video-preview:-1\" \/>\n<link rel=\"canonical\" href=\"http:\/\/notariusz-gdansk.net\/\" \/>\n<meta property=\"og:locale\" content=\"pl_PL\" \/>\n<meta property=\"og:type\" content=\"article\" \/>\n<meta property=\"og:title\" content=\"Strona g\u0142\u00f3wna - Notariusz Izabela \u0141ukasiewicz\" \/>\n<meta property=\"og:description\" content=\"Notariusz Izabela \u0141ukasiewicz zapewnia profesjonaln\u0105 obs\u0142ug\u0119 z zakresu dokonywania czynno\u015bci notarialnych, kt\u00f3rym strony s\u0105 obowi\u0105zane lub pragn\u0105 nada\u0107 form\u0119 notarialn\u0105.\" \/>\n<meta property=\"og:url\" content=\"http:\/\/notariusz-gdansk.net\/\" \/>\n<meta property=\"og:site_name\" content=\"Notariusz Izabela \u0141ukasiewicz\" \/>\n<meta property=\"article:modified_time\" content=\"2020-03-23T08:26:24+00:00\" \/>\n<meta name=\"twitter:card\" content=\"summary_large_image\" \/>\n<meta name=\"twitter:label1\" content=\"Szacowany czas czytania\" \/>\n\t<meta name=\"twitter:data1\" content=\"5 minut\" \/>\n<script type=\"application\/ld+json\" class=\"yoast-schema-graph\">{\"@context\":\"https:\/\/schema.org\",\"@graph\":[{\"@type\":\"WebPage\",\"@id\":\"http:\/\/notariusz-gdansk.net\/\",\"url\":\"http:\/\/notariusz-gdansk.net\/\",\"name\":\"Strona g\u0142\u00f3wna - Notariusz Izabela \u0141ukasiewicz\",\"isPartOf\":{\"@id\":\"http:\/\/notariusz-gdansk.net\/#website\"},\"datePublished\":\"2020-02-23T15:34:00+00:00\",\"dateModified\":\"2020-03-23T08:26:24+00:00\",\"description\":\"Notariusz Izabela \u0141ukasiewicz zapewnia profesjonaln\u0105 obs\u0142ug\u0119 z zakresu dokonywania czynno\u015bci notarialnych, kt\u00f3rym strony s\u0105 obowi\u0105zane lub pragn\u0105 nada\u0107 form\u0119 notarialn\u0105.\",\"breadcrumb\":{\"@id\":\"http:\/\/notariusz-gdansk.net\/#breadcrumb\"},\"inLanguage\":\"pl-PL\",\"potentialAction\":[{\"@type\":\"ReadAction\",\"target\":[\"http:\/\/notariusz-gdansk.net\/\"]}]},{\"@type\":\"BreadcrumbList\",\"@id\":\"http:\/\/notariusz-gdansk.net\/#breadcrumb\",\"itemListElement\":[{\"@type\":\"ListItem\",\"position\":1,\"name\":\"Strona g\u0142\u00f3wna\",\"item\":\"http:\/\/notariusz-gdansk.net\/\"},{\"@type\":\"ListItem\",\"position\":2,\"name\":\"Strona g\u0142\u00f3wna\"}]},{\"@type\":\"WebSite\",\"@id\":\"http:\/\/notariusz-gdansk.net\/#website\",\"url\":\"http:\/\/notariusz-gdansk.net\/\",\"name\":\"Notariusz Izabela \u0141ukasiewicz\",\"description\":\"Gda\u0144sk \u017babianka\",\"publisher\":{\"@id\":\"http:\/\/notariusz-gdansk.net\/#organization\"},\"potentialAction\":[{\"@type\":\"SearchAction\",\"target\":{\"@type\":\"EntryPoint\",\"urlTemplate\":\"http:\/\/notariusz-gdansk.net\/?s={search_term_string}\"},\"query-input\":{\"@type\":\"PropertyValueSpecification\",\"valueRequired\":true,\"valueName\":\"search_term_string\"}}],\"inLanguage\":\"pl-PL\"},{\"@type\":\"Organization\",\"@id\":\"http:\/\/notariusz-gdansk.net\/#organization\",\"name\":\"Notariusz Izabela \u0141ukasiewicz\",\"url\":\"http:\/\/notariusz-gdansk.net\/\",\"logo\":{\"@type\":\"ImageObject\",\"inLanguage\":\"pl-PL\",\"@id\":\"http:\/\/notariusz-gdansk.net\/#\/schema\/logo\/image\/\",\"url\":\"https:\/\/notariusz-gdansk.net\/wp-content\/uploads\/2020\/02\/il_fullxfull.2020915431_m9w8.png\",\"contentUrl\":\"https:\/\/notariusz-gdansk.net\/wp-content\/uploads\/2020\/02\/il_fullxfull.2020915431_m9w8.png\",\"width\":1098,\"height\":1179,\"caption\":\"Notariusz Izabela \u0141ukasiewicz\"},\"image\":{\"@id\":\"http:\/\/notariusz-gdansk.net\/#\/schema\/logo\/image\/\"}}]}<\/script>\n<!-- \/ Yoast SEO plugin. -->","yoast_head_json":{"title":"Strona g\u0142\u00f3wna - Notariusz Izabela \u0141ukasiewicz","description":"Notariusz Izabela \u0141ukasiewicz zapewnia profesjonaln\u0105 obs\u0142ug\u0119 z zakresu dokonywania czynno\u015bci notarialnych, kt\u00f3rym strony s\u0105 obowi\u0105zane lub pragn\u0105 nada\u0107 form\u0119 notarialn\u0105.","robots":{"index":"index","follow":"follow","max-snippet":"max-snippet:-1","max-image-preview":"max-image-preview:large","max-video-preview":"max-video-preview:-1"},"canonical":"http:\/\/notariusz-gdansk.net\/","og_locale":"pl_PL","og_type":"article","og_title":"Strona g\u0142\u00f3wna - Notariusz Izabela \u0141ukasiewicz","og_description":"Notariusz Izabela \u0141ukasiewicz zapewnia profesjonaln\u0105 obs\u0142ug\u0119 z zakresu dokonywania czynno\u015bci notarialnych, kt\u00f3rym strony s\u0105 obowi\u0105zane lub pragn\u0105 nada\u0107 form\u0119 notarialn\u0105.","og_url":"http:\/\/notariusz-gdansk.net\/","og_site_name":"Notariusz Izabela \u0141ukasiewicz","article_modified_time":"2020-03-23T08:26:24+00:00","twitter_card":"summary_large_image","twitter_misc":{"Szacowany czas czytania":"5 minut"},"schema":{"@context":"https:\/\/schema.org","@graph":[{"@type":"WebPage","@id":"http:\/\/notariusz-gdansk.net\/","url":"http:\/\/notariusz-gdansk.net\/","name":"Strona g\u0142\u00f3wna - Notariusz Izabela \u0141ukasiewicz","isPartOf":{"@id":"http:\/\/notariusz-gdansk.net\/#website"},"datePublished":"2020-02-23T15:34:00+00:00","dateModified":"2020-03-23T08:26:24+00:00","description":"Notariusz Izabela \u0141ukasiewicz zapewnia profesjonaln\u0105 obs\u0142ug\u0119 z zakresu dokonywania czynno\u015bci notarialnych, kt\u00f3rym strony s\u0105 obowi\u0105zane lub pragn\u0105 nada\u0107 form\u0119 notarialn\u0105.","breadcrumb":{"@id":"http:\/\/notariusz-gdansk.net\/#breadcrumb"},"inLanguage":"pl-PL","potentialAction":[{"@type":"ReadAction","target":["http:\/\/notariusz-gdansk.net\/"]}]},{"@type":"BreadcrumbList","@id":"http:\/\/notariusz-gdansk.net\/#breadcrumb","itemListElement":[{"@type":"ListItem","position":1,"name":"Strona g\u0142\u00f3wna","item":"http:\/\/notariusz-gdansk.net\/"},{"@type":"ListItem","position":2,"name":"Strona g\u0142\u00f3wna"}]},{"@type":"WebSite","@id":"http:\/\/notariusz-gdansk.net\/#website","url":"http:\/\/notariusz-gdansk.net\/","name":"Notariusz Izabela \u0141ukasiewicz","description":"Gda\u0144sk \u017babianka","publisher":{"@id":"http:\/\/notariusz-gdansk.net\/#organization"},"potentialAction":[{"@type":"SearchAction","target":{"@type":"EntryPoint","urlTemplate":"http:\/\/notariusz-gdansk.net\/?s={search_term_string}"},"query-input":{"@type":"PropertyValueSpecification","valueRequired":true,"valueName":"search_term_string"}}],"inLanguage":"pl-PL"},{"@type":"Organization","@id":"http:\/\/notariusz-gdansk.net\/#organization","name":"Notariusz Izabela \u0141ukasiewicz","url":"http:\/\/notariusz-gdansk.net\/","logo":{"@type":"ImageObject","inLanguage":"pl-PL","@id":"http:\/\/notariusz-gdansk.net\/#\/schema\/logo\/image\/","url":"https:\/\/notariusz-gdansk.net\/wp-content\/uploads\/2020\/02\/il_fullxfull.2020915431_m9w8.png","contentUrl":"https:\/\/notariusz-gdansk.net\/wp-content\/uploads\/2020\/02\/il_fullxfull.2020915431_m9w8.png","width":1098,"height":1179,"caption":"Notariusz Izabela \u0141ukasiewicz"},"image":{"@id":"http:\/\/notariusz-gdansk.net\/#\/schema\/logo\/image\/"}}]}},"_links":{"self":[{"href":"https:\/\/notariusz-gdansk.net\/index.php\/wp-json\/wp\/v2\/pages\/6","targetHints":{"allow":["GET"]}}],"collection":[{"href":"https:\/\/notariusz-gdansk.net\/index.php\/wp-json\/wp\/v2\/pages"}],"about":[{"href":"https:\/\/notariusz-gdansk.net\/index.php\/wp-json\/wp\/v2\/types\/page"}],"author":[{"embeddable":true,"href":"https:\/\/notariusz-gdansk.net\/index.php\/wp-json\/wp\/v2\/users\/4"}],"replies":[{"embeddable":true,"href":"https:\/\/notariusz-gdansk.net\/index.php\/wp-json\/wp\/v2\/comments?post=6"}],"version-history":[{"count":32,"href":"https:\/\/notariusz-gdansk.net\/index.php\/wp-json\/wp\/v2\/pages\/6\/revisions"}],"predecessor-version":[{"id":201,"href":"https:\/\/notariusz-gdansk.net\/index.php\/wp-json\/wp\/v2\/pages\/6\/revisions\/201"}],"wp:attachment":[{"href":"https:\/\/notariusz-gdansk.net\/index.php\/wp-json\/wp\/v2\/media?parent=6"}],"curies":[{"name":"wp","href":"https:\/\/api.w.org\/{rel}","templated":true}]}}